. Determine h(7).
453
Let h(k) = -9*k**2 - 293*k - 1701. Calculate h(-25).
-1
Let z(t) = 114*t + 2285. What is z(-20)?
5
Let t(p) = 7*p**3 - 55*p**2 - 17*p + 49. Calculate t(8).
-23
Let d(l) = l**3 + 21*l**2 - l - 5. Determine d(-21).
16
Let p(g) = 2*g**3 - 63*g**2 + 35*g - 69. What is p(31)?
55
Let q(s) = s**3 - 16*s**2 + 43*s + 14. Calculate q(13).
66
Let v(x) = -2*x**3 + 199*x**2 + 1046*x + 2. What is v(-5)?
-3
Let o(v) = -13*v**3 + 4*v**2 + 6*v - 9. What is o(2)?
-85
Let a(m) = 1017*m - 3140. Give a(3).
-89
Let a(x) = -34*x + 373. What is a(12)?
-35
Let a(w) = -2*w**2 - 148*w + 5. Calculate a(-74).
5
Let s(u) = 20*u**3 - 11*u**2 + 21*u - 25. Calculate s(1).
5
Let h(r) = -7*r + 106. Give h(17).
-13
Let b(g) = -g**3 - 31*g**2 - 237*g - 4. Determine b(-13).
35
Let c(s) = 3309*s + 29774. What is c(-9)?
-7
Let d(n) = 2*n**3 + 21*n**2 + 38*n + 29. Give d(-10).
-251
Let m(h) = -h**3 - 25*h**2 - 19*h - 38. What is m(-24)?
-158
Let b(a) = -10*a - 475. Give b(-31).
-165
Let p(o) = o**3 + 14*o**2 + 17*o + 27. What is p(-5)?
167
Let z(h) = -56*h - 178. What is z(-3)?
-10
Let n(f) = 2*f**3 + 37*f**2 + 4*f + 413. Calculate n(-19).
-24
Let q(t) = -3*t**2 - 59*t - 78. Give q(-14).
160
Let x(d) = 4*d - 129. What is x(-4)?
-145
Let m(s) = -s**3 + 13*s**2 + 30*s - 545. Give m(8).
15
Let t(n) = 5*n**2 + 175*n - 1236. Determine t(6).
-6
Let x(d) = 3*d**3 - 104*d**2 - 35*d - 7. Calculate x(35).
-7
Let o(b) = -52*b - 2909. What is o(-56)?
3
Let g(t) = -87*t**2 - 2519*t - 21. What is g(-29)?
-137
Let i(x) = -86*x + 858. Calculate i(10).
-2
Let b(m) = -74*m - 287. Determine b(-4).
9
Let z(d) = d**2 + 146*d + 3335. Calculate z(-117).
-58
Let d(r) = r + 192. What is d(-49)?
143
Let d(p) = -5*p**2 - 379*p - 235. What is d(-75)?
65
Let d(r) = -112*r + 366. Give d(3).
30
Let i(n) = 134*n + 28684. Give i(-214).
8
Let i(a) = -2*a**2 - 92*a - 388. Give i(-5).
22
Let r(i) = 44*i**2 - 15*i - 21. What is r(-2)?
185
Let k(b) = -7369*b - 29479. Give k(-4).
-3
Let u(r) = -3*r - 995. What is u(32)?
-1091
Let t(b) = 5*b**2 + 312*b - 153. Calculate t(-63).
36
Let t(k) = -77*k - 2141. Calculate t(-28).
15
Let a(w) = 5*w - 39. Determine a(-22).
-149
Let w(t) = -4*t**3 + 16*t**2 + 21*t - 2. Determine w(5).
3
Let b(c) = -64*c + 982. What is b(11)?
278
Let b(z) = -z**2 + 53*z + 4. Calculate b(27).
706
Let g(x) = 80*x - 18565. Determine g(232).
-5
Let f(m) = -2*m**3 - 92*m**2 - 93*m - 158. What is f(-45)?
-23
Let m(t) = 5*t**2 - 3*t + 1. Calculate m(5).
111
Let t(c) = -94*c - 2272. Determine t(-18).
-580
Let w(a) = -3*a**2 + 189. What is w(8)?
-3
Let g(d) = 860*d + 2586. Calculate g(-3).
6
Let p(r) = -32*r**2 + 12*r - 21. Determine p(2).
-125
Let z(m) = -6*m**2 - 88*m - 18. Determine z(-19).
-512
Let v(n) = 129*n - 848. Determine v(5).
-203
Let y(l) = l**3 - 49*l**2 + 499*l - 374. Give y(35).
-59
Let k(h) = -118*h**2 + 1061*h + 15. Calculate k(9).
6
Let b(i) = 58*i + 3847. Calculate b(-66).
19
Let h(o) = -4*o**3 + 111*o**2 + 547*o - 93. What is h(32)?
3
Let a(b) = -b**2 - 2*b + 2. Calculate a(5).
-33
Let t(s) = -2*s**3 - 5*s**2 - 14*s - 37. Determine t(-4).
67
Let d(l) = -l**3 + l**2 + 14*l + 2. What is d(-7)?
296
Let o(v) = -v**2 + 373*v + 1476. Calculate o(-4).
-32
Let l(f) = -60*f - 9152. What is l(-149)?
-212
Let z(o) = -o**3 + 23*o**2 + 206*o + 75. Calculate z(30).
-45
Let a(r) = r**3 - 15*r**2 + 38*r - 168. Calculate a(13).
-12
Let p(r) = -r**3 - 57*r**2 - 172*r - 271. Calculate p(-54).
269
Let q(y) = -55*y + 14. Determine q(1).
-41
Let x(g) = g**3 - 80*g**2 - 83*g + 247. Determine x(81).
85
Let h(j) = 11*j**2 + 779*j - 134. Calculate h(-71).
8
Let q(m) = -12*m**2 + 221*m - 1019. Give q(10).
-9
Let c(n) = n**3 - 24*n**2 + 38*n + 84. Calculate c(22).
-48
Let d(i) = i**3 + 28*i**2 - 41*i + 516. Calculate d(-30).
-54
Let u(y) = -48100*y - 240507. Determine u(-5).
-7
Let z(k) = 2*k**3 - 69*k**2 + 183*k - 746. What is z(32)?
-10
Let b(x) = 113*x**2 + 221*x + 221. Calculate b(-1).
113
Let z(g) = -21*g + 1457. Give z(72).
-55
Let b(q) = -q**2 - 16*q + 67. What is b(3)?
10
Let c(m) = m**3 + 13*m**2 - 138*m - 1815. Calculate c(-12).
-15
Let p(l) = 3*l**2 - 51*l + 86. Give p(2).
-4
Let i(q) = 312*q - 1811. What is i(6)?
61
Let x(b) = b**3 - 10*b**2 - 120. What is x(11)?
1
Let a(s) = -3*s**3 - 3*s**2 + 7*s - 81. Give a(3).
-168
Let p(y) = 7*y**3 - y**2 - 890*y + 889. Determine p(1).
5
Let w(d) = 346*d**2 - 1380*d - 14. Calculate w(4).
2
Let c(h) = 6*h**3 - 118*h**2 + 441*h - 4. Determine c(5).
1
Let k(y) = y**2 - 34*y + 202. Give k(7).
13
Let o(g) = 31*g + 385. Give o(-12).
13
Let u(v) = -v**2 - 113*v - 437. What is u(-4)?
-1
Let b(m) = -m**2 - 41*m + 905. What is b(-57)?
-7
Let m(r) = 4251*r - 80774. Calculate m(19).
-5
Let l(h) = 93*h + 3738. Determine l(-40).
18
Let j(m) = -m**2 - 133*m + 3766. Give j(24).
-2
Let s(r) = -4*r**2 - 52*r + 627. Determine s(8).
-45
Let n(b) = 2807*b + 30936. Determine n(-11).
59
Let d(i) = 1733*i - 8708. Give d(5).
-43
Let p(h) = h**2 - 27*h + 22. Give p(31).
146
Let b(q) = q**3 - 64*q**2 - 182*q - 1357. Give b(67).
-84
Let o(a) = -79*a + 3369. What is o(43)?
-28
Let i(m) = m**3 - 31*m + 2. Calculate i(0).
2
Let g(p) = -p**3 - 18*p**2 - 204*p - 3675. Determine g(-18).
-3
Let r(q) = 64*q + 11582. Calculate r(-181).
-2
Let q(z) = -z**3 + z**2 - 19*z - 18. Determine q(0).
-18
Let r(u) = 339*u - 13540. Give r(40).
20
Let w(m) = -20*m**2 - 305*m - 93. Give w(-15).
-18
Let l(t) = t**2 + 113*t - 232. Determine l(-115).
-2
Let v(n) = n**3 - 21*n**2 + 38*n - 290. Determine v(17).
-800
Let g(z) = -z**3 - 53*z**2 - 395*z + 47. Give g(-44).
3
Let y(n) = n**2 + 636*n - 16520. What is y(25)?
5
Let d(v) = 12*v + 714. Calculate d(-59).
6
Let n(j) = -1091*j + 3283. Give n(3).
10
Let a(r) = 6*r**2 + 300*r - 85. Calculate a(-50).
-85
Let q(p) = p**3 - 15*p**2 - 61*p + 4. Calculate q(18).
-122
Let f(h) = -h**3 - 47*h**2 - 241*h + 44. Give f(-41).
-161
Let i(n) = 56*n + 2854. Determine i(-51).
-2
Let v(d) = -d**3 - 19*d**2 - 116*d - 386. Determine v(-12).
-2
Let k(z) = -4*z**3 - 35*z**2 + 18*z - 8. What is k(-7)?
-477
Let a(r) = 4*r**2 + 33*r - 22. What is a(-9)?
5
Let n(m) = m**3 + 13*m**2 + 342*m + 943. Calculate n(-3).
7
Let a(d) = 2710*d + 13550. Calculate a(-5).
0
Let o(h) = -h**3 + h**2 + 20*h - 53. Calculate o(4).
-21
Let y(l) = -706*l + 2293. Give y(3).
175
Let c(s) = -s**3 - 28*s**2 + 9*s + 234. Give c(-28).
-18
Let d(i) = i**3 - 19*i**2 + 24*i - 14. Determine d(18).
94
Let w(u) = 2*u**3 + 11*u**2 - u. Determine w(-5).
30
Let x(b) = -44*b**2 - 142*b - 23. Give x(-3).
7
Let b(p) = -11*p**2 + 6*p - 5. What is b(1)?
-10
Let l(g) = -292*g + 2315. What is l(12)?
-1189
Let x(d) = -48*d + 2. What is x(2)?
-94
Let f(r) = -51*r - 1184. What is f(-23)?
-11
Let x(i) = i**2 + 239*i - 1488. Calculate x(6).
-18
Let p(n) = 115791*n - 347376. Calculate p(3).
-3
Let v(q) = -470*q - 1420. Determine v(-3).
-10
Let v(m) = 14*m + 154. Calculate v(-18).
-98
Let p(z) = 215*z + 11. Calculate p(0).
11
Let b(p) = 63*p**2 - 254*p + 6. What is b(4)?
-2
Let y(l) = -l**2 + 13*l + 113. Calculate y(19).
-1
Let j(y) = -7*y**3 - 2*y**2 - 2*y + 8. What is j(0)?
8
Let g(i) = 18*i**2 + 791*i + 719. Determine g(-43).
-12
Let x(z) = -z**3 - 4*z**2 - 8*z - 20. Determine x(-5).
45
Let s(t) = 8*t**3 + 73*t**2 + 129*t + 4. Calculate s(-2).
-26
Let n(o) = o**2 + 1038*o + 9257. Calculate n(-9).
-4
Let h(v) = -11*v**3 + 78*v**2 - 17*v - 4. Determine h(7).
-74
Let b(z) = 27*z**3 - 2*z**2 + 14*z - 1. Determine b(2).
235
Let w(a) = a**3 + 6*a**2 - 48*a - 253. Determine w(-8).
3
Let v(u) = -u**2 + 84*u + 6886. Calculate v(-51).
1
Let n(k) = 5*k**3 - 649*k**2 - 132*k + 115. Give n(130).
-145
Let a(i) = -40*i - 8973. What is a(-226)?
67
Let o(a) = a**3 + 19*a**2 + 40*a + 121. Determine o(-17).
19
Let b(q) = -123*q + 1316. What is b(10)?
86
Let o(a) = -22*a**2 - 6*a + 15. What is o(2)?
-85
Let r(x) = x**2 + 158*x - 997. Determine r(6).
-13
Let r(o) = 476*o + 2845. Calculate r(-6).
-11
Let n(z) = z**2 - 2933*z + 72700. Give n(25).
0
Let z(x) = -8*x**3 + 73*x + 72. Give z(-1).
7
Let w(u) = u**3 + 42*u**2 + 395*u + 75. Calculate w(-28).
-9
Let f(z) = -z**3 - 6*z**2 - 21*z - 73. What is f(-5)?
7
Let i(b) = 8*b**2 + 88*b + 147. Give i(-9).
3
Let n(v) = 15*v**3 - 557*v**2 + 74*v + 23. Give n(37).
23
Let t(n) = -634*n + 3151